{"id":95,"date":"2024-12-22T14:22:45","date_gmt":"2024-12-22T13:22:45","guid":{"rendered":"https:\/\/a3partner.com\/sserpdrow\/?page_id=95"},"modified":"2025-06-26T09:28:42","modified_gmt":"2025-06-26T07:28:42","slug":"impressum","status":"publish","type":"page","link":"https:\/\/a3partner.com\/sserpdrow\/impressum\/","title":{"rendered":"Impressum"},"content":{"rendered":"<p><a href=\"https:\/\/a3partner.com\/sserpdrow\/\"><strong>zur\u00fcck zur Homepage<\/strong><\/a><\/p>\n<h2><\/h2>\n<h2><\/h2>\n<h2 class=\"western\"><span style=\"color: #000000;\"><span style=\"font-family: apple-system, BlinkMacSystemFont, Segoe UI, Roboto, Oxygen-Sans, Ubuntu, Cantarell, Helvetica Neue, sans-serif;\"><b>A\u00b3 Handelspartner GmbH<\/b><\/span><\/span><\/h2>\n<p>&nbsp;<\/p>\n<p><span style=\"font-family: var lsg-font-family-400, Gotham, sans-serif;\"><b>Gesch\u00e4ftsr\u00e4ume: <\/b>Kaiserdamm 85, 14057 Berlin<br \/>\n<span style=\"font-family: var lsg-font-family-500, Gotham, sans-serif;\"><b>Kontakt- und Informationsm\u00f6glichkeiten f\u00fcr Kunden\/Interessenten\/Dritte<\/b><\/span><\/span><\/p>\n<p align=\"LEFT\"><span style=\"font-family: Gotham, sans-serif;\"><span style=\"font-size: medium;\"><b><span style=\"color: #000000;\">Kontakt &amp; Hilfe: <\/span><\/b><span style=\"color: #000000;\">support@a3partner.com<\/span><\/span><\/span><\/p>\n<p align=\"LEFT\"><span style=\"color: #000000;\"><span style=\"font-family: Gotham, sans-serif;\"><span style=\"font-size: medium;\"><b>Kontakt bei Fragen zum Unternehmen<\/b><\/span><\/span><\/span><\/p>\n<p><span style=\"font-family: var lsg-font-family-400, Gotham, sans-serif;\"><b>Telefon:<\/b><span style=\"font-family: DM Sans, apple-system, system-ui, Segoe UI, Roboto, Helvetica Neue, Arial, Noto Sans, sans-serif, Apple Color Emoji, Segoe UI Emoji, Segoe UI Symbol, Noto Color Emoji;\"><span style=\"font-size: medium;\"> +49 30 91449115<\/span><\/span><\/span><\/p>\n<p align=\"LEFT\"><span style=\"font-family: var lsg-font-family-400, Gotham, sans-serif;\"><b>E-Mail<\/b><\/span><span style=\"font-family: var lsg-font-family-400, Gotham, sans-serif;\"><span style=\"font-size: xx-small;\">1<\/span><\/span><span style=\"font-family: var lsg-font-family-400, Gotham, sans-serif;\">:\u00a0<\/span><span style=\"font-family: inherit;\">info@a3partner.com<\/span><\/p>\n<p><span style=\"font-family: var lsg-font-family-400, Gotham, sans-serif;\"><b>Internet:<\/b>\u00a0https:\/\/www.a3partner.com\/<\/span><\/p>\n<h4 class=\"western\" align=\"LEFT\"><span style=\"color: #000000;\"><span style=\"font-family: var lsg-font-family-500, Gotham, sans-serif;\"><span style=\"font-size: medium;\"><b>Vertretungsberechtigte\/Gesch\u00e4ftsf\u00fchrung<\/b><\/span><\/span><\/span><\/h4>\n<p><span style=\"font-family: var lsg-font-family-400, Gotham, sans-serif;\">Andreas Dorn (Gesch\u00e4ftsf\u00fchrer)<\/span><\/p>\n<p><span style=\"font-family: var lsg-font-family-400, Gotham, sans-serif;\"><span style=\"font-family: var lsg-font-family-500, Gotham, sans-serif;\"><b>Registereintrag<\/b><\/span><\/span><\/p>\n<p><span style=\"font-family: var lsg-font-family-400, Gotham, sans-serif;\">Handelsregister, Amtsgericht Charlottenburg unter HRB 273469 B<\/span><\/p>\n<h4><\/h4>\n<h4 class=\"western\"><span style=\"font-family: var lsg-font-family-500, Gotham, sans-serif;\"><b>Umsatzsteuer-Identifikations-Nummer<\/b><\/span><\/h4>\n<p><span style=\"font-family: var lsg-font-family-400, Gotham, sans-serif;\">DE450733906<\/span><\/p>\n<h4 class=\"western\" align=\"LEFT\"><span style=\"color: #000000;\"><span style=\"font-family: var lsg-font-family-500, Gotham, sans-serif;\"><span style=\"font-size: medium;\"><b>Europ\u00e4ische Online-Streitbeilegungsplattform<\/b><\/span><\/span><\/span><\/h4>\n<p align=\"LEFT\"><span style=\"font-family: var lsg-font-family-400, Gotham, sans-serif;\">Die Europ\u00e4ische Kommission hat unter\u00a0<\/span><span style=\"font-family: inherit;\"><b>http:\/\/ec.europa.eu\/consumers\/odr\/<\/b><\/span><span style=\"font-family: var lsg-font-family-400, Gotham, sans-serif;\">\u00a0eine Europ\u00e4ische Online-Streitbeilegungsplattform (OS-Plattform) errichtet. Die OS-Plattform kann ein Verbraucher f\u00fcr die au\u00dfergerichtliche Beilegung einer Streitigkeit aus Online-Vertr\u00e4gen mit einem in der EU niedergelassenen Unternehmen nutzen.<\/span><\/p>\n<p align=\"LEFT\"><a href=\"https:\/\/a3partner.com\/sserpdrow\/\"><strong>zur\u00fcck zur Homepage<\/strong><\/a><\/p>\n","protected":false},"excerpt":{"rendered":"<p>zur\u00fcck zur Homepage A\u00b3 Handelspartner GmbH &nbsp; Gesch\u00e4ftsr\u00e4ume: Kaiserdamm 85, 14057 Berlin Kontakt- und Informationsm\u00f6glichkeiten f\u00fcr Kunden\/Interessenten\/Dritte Kontakt &amp; Hilfe: [&hellip;]<\/p>\n","protected":false},"author":2,"featured_media":0,"parent":0,"menu_order":0,"comment_status":"closed","ping_status":"closed","template":"","meta":{"site-sidebar-layout":"default","site-content-layout":"","ast-site-content-layout":"default","site-content-style":"default","site-sidebar-style":"default","ast-global-header-display":"","ast-banner-title-visibility":"","ast-main-header-display":"","ast-hfb-above-header-display":"","ast-hfb-below-header-display":"","ast-hfb-mobile-header-display":"","site-post-title":"","ast-breadcrumbs-content":"","ast-featured-img":"","footer-sml-layout":"","theme-transparent-header-meta":"default","adv-header-id-meta":"","stick-header-meta":"","header-above-stick-meta":"","header-main-stick-meta":"","header-below-stick-meta":"","astra-migrate-meta-layouts":"set","ast-page-background-enabled":"default","ast-page-background-meta":{"desktop":{"background-color":"var(--ast-global-color-4)","background-image":"","background-repeat":"repeat","background-position":"center center","background-size":"auto","background-attachment":"scroll","background-type":"","background-media":"","overlay-type":"","overlay-color":"","overlay-opacity":"","overlay-gradient":""},"tablet":{"background-color":"","background-image":"","background-repeat":"repeat","background-position":"center center","background-size":"auto","background-attachment":"scroll","background-type":"","background-media":"","overlay-type":"","overlay-color":"","overlay-opacity":"","overlay-gradient":""},"mobile":{"background-color":"","background-image":"","background-repeat":"repeat","background-position":"center center","background-size":"auto","background-attachment":"scroll","background-type":"","background-media":"","overlay-type":"","overlay-color":"","overlay-opacity":"","overlay-gradient":""}},"ast-content-background-meta":{"desktop":{"background-color":"var(--ast-global-color-5)","background-image":"","background-repeat":"repeat","background-position":"center center","background-size":"auto","background-attachment":"scroll","background-type":"","background-media":"","overlay-type":"","overlay-color":"","overlay-opacity":"","overlay-gradient":""},"tablet":{"background-color":"var(--ast-global-color-5)","background-image":"","background-repeat":"repeat","background-position":"center center","background-size":"auto","background-attachment":"scroll","background-type":"","background-media":"","overlay-type":"","overlay-color":"","overlay-opacity":"","overlay-gradient":""},"mobile":{"background-color":"var(--ast-global-color-5)","background-image":"","background-repeat":"repeat","background-position":"center center","background-size":"auto","background-attachment":"scroll","background-type":"","background-media":"","overlay-type":"","overlay-color":"","overlay-opacity":"","overlay-gradient":""}},"footnotes":""},"class_list":["post-95","page","type-page","status-publish","hentry"],"_links":{"self":[{"href":"https:\/\/a3partner.com\/sserpdrow\/wp-json\/wp\/v2\/pages\/95","targetHints":{"allow":["GET"]}}],"collection":[{"href":"https:\/\/a3partner.com\/sserpdrow\/wp-json\/wp\/v2\/pages"}],"about":[{"href":"https:\/\/a3partner.com\/sserpdrow\/wp-json\/wp\/v2\/types\/page"}],"author":[{"embeddable":true,"href":"https:\/\/a3partner.com\/sserpdrow\/wp-json\/wp\/v2\/users\/2"}],"replies":[{"embeddable":true,"href":"https:\/\/a3partner.com\/sserpdrow\/wp-json\/wp\/v2\/comments?post=95"}],"version-history":[{"count":8,"href":"https:\/\/a3partner.com\/sserpdrow\/wp-json\/wp\/v2\/pages\/95\/revisions"}],"predecessor-version":[{"id":207,"href":"https:\/\/a3partner.com\/sserpdrow\/wp-json\/wp\/v2\/pages\/95\/revisions\/207"}],"wp:attachment":[{"href":"https:\/\/a3partner.com\/sserpdrow\/wp-json\/wp\/v2\/media?parent=95"}],"curies":[{"name":"wp","href":"https:\/\/api.w.org\/{rel}","templated":true}]}}